{"id":3540,"date":"2023-07-17T22:36:55","date_gmt":"2023-07-17T22:36:55","guid":{"rendered":"https:\/\/shop.gamemovs.com\/?post_type=product&#038;p=3540"},"modified":"2023-07-18T19:15:52","modified_gmt":"2023-07-18T19:15:52","slug":"samsung-galaxy-z-fold-4-512gb","status":"publish","type":"product","link":"https:\/\/shop.gamemovs.com\/index.php\/product\/samsung-galaxy-z-fold-4-512gb\/","title":{"rendered":"Samsung Galaxy Z Fold 4 512gb"},"content":{"rendered":"<table class=\"tabla-datos\">\n<thead>\n<tr>\n<th class=\"align-left\">\n<p data-mrf-recirculation=\"Article links\">SAMSUNG GALAXY Z FOLD4<\/p>\n<\/th>\n<\/tr>\n<\/thead>\n<tbody>\n<tr>\n<th class=\"align-left\">\n<p data-mrf-recirculation=\"Article links\">PANTALLA INTERIOR<\/p>\n<\/th>\n<td class=\"align-left\">\n<p data-mrf-recirculation=\"Article links\">Dynamic AMOLED 2X de 7,6 pulgadas 120 Hz<\/p>\n<p data-mrf-recirculation=\"Article links\">Resoluci\u00f3n de 2.176 x 1.812 p\u00edxeles<\/p>\n<\/td>\n<\/tr>\n<tr>\n<th class=\"align-left\">\n<p data-mrf-recirculation=\"Article links\">PANTALLA EXTERIOR<\/p>\n<\/th>\n<td class=\"align-left\">\n<p data-mrf-recirculation=\"Article links\">Dynamic AMOLED 2X de 6,2 pulgadas 120 Hz<\/p>\n<p data-mrf-recirculation=\"Article links\">Resoluci\u00f3n de 2.316 x 904 p\u00edxeles<\/p>\n<\/td>\n<\/tr>\n<tr>\n<th class=\"align-left\">\n<p data-mrf-recirculation=\"Article links\">PROCESADOR<\/p>\n<\/th>\n<td class=\"align-left\">\n<p data-mrf-recirculation=\"Article links\">Qualcomm Snapdragon 8+ Gen 1<\/p>\n<\/td>\n<\/tr>\n<tr>\n<th class=\"align-left\">\n<p data-mrf-recirculation=\"Article links\">MEMORIA PRINCIPAL<\/p>\n<\/th>\n<td class=\"align-left\">\n<p data-mrf-recirculation=\"Article links\">12 GB<\/p>\n<\/td>\n<\/tr>\n<tr>\n<th class=\"align-left\">\n<p data-mrf-recirculation=\"Article links\">ALMACENAMIENTO<\/p>\n<\/th>\n<td class=\"align-left\">\n<p data-mrf-recirculation=\"Article links\">256 \/ 512 \/ 1.024 GB<\/p>\n<\/td>\n<\/tr>\n<tr>\n<th class=\"align-left\">\n<p data-mrf-recirculation=\"Article links\">C\u00c1MARAS FRONTALES<\/p>\n<\/th>\n<td class=\"align-left\">\n<p data-mrf-recirculation=\"Article links\">Selfie: 10 MP f\/2.2<\/p>\n<p data-mrf-recirculation=\"Article links\">C\u00e1mara bajo pantalla: 4 MP f\/1.8<\/p>\n<\/td>\n<\/tr>\n<tr>\n<th class=\"align-left\">\n<p data-mrf-recirculation=\"Article links\">C\u00c1MARAS TRASERAS<\/p>\n<\/th>\n<td class=\"align-left\">\n<p data-mrf-recirculation=\"Article links\">Principal: 50 MP f\/1.8<\/p>\n<p data-mrf-recirculation=\"Article links\">Ultra gran angular: 12 MP f\/2.2 123\u00ba<\/p>\n<p data-mrf-recirculation=\"Article links\">Tele: 10 MP f\/2.4 zoom \u00f3ptico 3X<\/p>\n<\/td>\n<\/tr>\n<tr>\n<th class=\"align-left\">\n<p data-mrf-recirculation=\"Article links\">CONECTIVIDAD INAL\u00c1MBRICA<\/p>\n<\/th>\n<td class=\"align-left\">\n<p data-mrf-recirculation=\"Article links\">5G \/ LTE (Dos nanoSIM y una eSIM)<\/p>\n<p data-mrf-recirculation=\"Article links\">Wi-Fi 6E<\/p>\n<p data-mrf-recirculation=\"Article links\">Bluetooth 5.2<\/p>\n<p data-mrf-recirculation=\"Article links\">NFC<\/p>\n<\/td>\n<\/tr>\n<tr>\n<th class=\"align-left\">\n<p data-mrf-recirculation=\"Article links\">SISTEMA OPERATIVO<\/p>\n<\/th>\n<td class=\"align-left\">\n<p data-mrf-recirculation=\"Article links\">Android 12L \/ One UI 4.1.1<\/p>\n<\/td>\n<\/tr>\n<tr>\n<th class=\"align-left\">\n<p data-mrf-recirculation=\"Article links\">RESISTENCIA IP<\/p>\n<\/th>\n<td class=\"align-left\">\n<p data-mrf-recirculation=\"Article links\">IPX8<\/p>\n<\/td>\n<\/tr>\n<tr>\n<th class=\"align-left\">\n<p data-mrf-recirculation=\"Article links\">BATER\u00cdA<\/p>\n<\/th>\n<td class=\"align-left\">\n<p data-mrf-recirculation=\"Article links\">4.400 mAh<\/p>\n<p data-mrf-recirculation=\"Article links\">Carga r\u00e1pida de 25 W<\/p>\n<p data-mrf-recirculation=\"Article links\">Adaptador de corriente no incluido<\/p>\n<\/td>\n<\/tr>\n<tr>\n<th class=\"align-left\">\n<p data-mrf-recirculation=\"Article links\">SENSORES<\/p>\n<\/th>\n<td class=\"align-left\">\n<p data-mrf-recirculation=\"Article links\">Sensor de huella (lateral)<\/p>\n<p data-mrf-recirculation=\"Article links\">Aceler\u00f3metro<\/p>\n<p data-mrf-recirculation=\"Article links\">Bar\u00f3metro<\/p>\n<p data-mrf-recirculation=\"Article links\">Sensor geomagn\u00e9tico<\/p>\n<p data-mrf-recirculation=\"Article links\">Sensor Hall<\/p>\n<p data-mrf-recirculation=\"Article links\">Sensor de proximidad<\/p>\n<p data-mrf-recirculation=\"Article links\">Sensor de luz<\/p>\n<\/td>\n<\/tr>\n<tr>\n<th class=\"align-left\">\n<p data-mrf-recirculation=\"Article links\">DIMENSIONES Y PESO<\/p>\n<\/th>\n<td class=\"align-left\">\n<p data-mrf-recirculation=\"Article links\">Plegado: 67,1 x 155,1 x 15,8 mm<\/p>\n<p data-mrf-recirculation=\"Article links\">Desplegado: 130,1 x 155,1 x 6,3 mm<\/p>\n<p data-mrf-recirculation=\"Article links\">263 g<\/p>\n<\/td>\n<\/tr>\n<tr>\n<th class=\"align-left\">\n<p data-mrf-recirculation=\"Article links\">COLORES<\/p>\n<\/th>\n<td class=\"align-left\">\n<p data-mrf-recirculation=\"Article links\">Verde gris \/ Beis \/ Negro fantasma \/ Borgo\u00f1a<\/p>\n<\/td>\n<\/tr>\n<\/tbody>\n<\/table>\n","protected":false},"excerpt":{"rendered":"<p>SAMSUNG GALAXY Z FOLD4 PANTALLA INTERIOR Dynamic AMOLED 2X de 7,6 pulgadas 120 Hz Resoluci\u00f3n de 2.176 x 1.812 p\u00edxeles PANTALLA EXTERIOR Dynamic AMOLED 2X de 6,2 pulgadas 120 Hz Resoluci\u00f3n de 2.316 x 904 p\u00edxeles PROCESADOR Qualcomm Snapdragon 8+ Gen 1 MEMORIA PRINCIPAL 12 GB ALMACENAMIENTO 256 \/ 512 \/ 1.024 GB C\u00c1MARAS FRONTALES [&hellip;]<\/p>\n","protected":false},"featured_media":3541,"comment_status":"open","ping_status":"closed","template":"","meta":{"content-type":""},"product_cat":[100,101],"product_tag":[],"_links":{"self":[{"href":"https:\/\/shop.gamemovs.com\/index.php\/wp-json\/wp\/v2\/product\/3540"}],"collection":[{"href":"https:\/\/shop.gamemovs.com\/index.php\/wp-json\/wp\/v2\/product"}],"about":[{"href":"https:\/\/shop.gamemovs.com\/index.php\/wp-json\/wp\/v2\/types\/product"}],"replies":[{"embeddable":true,"href":"https:\/\/shop.gamemovs.com\/index.php\/wp-json\/wp\/v2\/comments?post=3540"}],"version-history":[{"count":1,"href":"https:\/\/shop.gamemovs.com\/index.php\/wp-json\/wp\/v2\/product\/3540\/revisions"}],"predecessor-version":[{"id":3542,"href":"https:\/\/shop.gamemovs.com\/index.php\/wp-json\/wp\/v2\/product\/3540\/revisions\/3542"}],"wp:featuredmedia":[{"embeddable":true,"href":"https:\/\/shop.gamemovs.com\/index.php\/wp-json\/wp\/v2\/media\/3541"}],"wp:attachment":[{"href":"https:\/\/shop.gamemovs.com\/index.php\/wp-json\/wp\/v2\/media?parent=3540"}],"wp:term":[{"taxonomy":"product_cat","embeddable":true,"href":"https:\/\/shop.gamemovs.com\/index.php\/wp-json\/wp\/v2\/product_cat?post=3540"},{"taxonomy":"product_tag","embeddable":true,"href":"https:\/\/shop.gamemovs.com\/index.php\/wp-json\/wp\/v2\/product_tag?post=3540"}],"curies":[{"name":"wp","href":"https:\/\/api.w.org\/{rel}","templated":true}]}}