{"id":3512,"date":"2023-07-10T23:30:54","date_gmt":"2023-07-10T23:30:54","guid":{"rendered":"https:\/\/shop.gamemovs.com\/?post_type=product&#038;p=3512"},"modified":"2023-09-14T17:14:21","modified_gmt":"2023-09-14T17:14:21","slug":"xiaomi-redmi-10a-64gb-3-ram","status":"publish","type":"product","link":"https:\/\/shop.gamemovs.com\/index.php\/product\/xiaomi-redmi-10a-64gb-3-ram\/","title":{"rendered":"Xiaomi Redmi 10A 64gb\/3 Ram"},"content":{"rendered":"<table class=\"tabla-datos\">\n<tbody>\n<tr>\n<th>\n<p data-mrf-recirculation=\"Article links\">PANTALLA<\/p>\n<\/th>\n<td>\n<p data-mrf-recirculation=\"Article links\">LCD 6,53&#8243;<br \/>\nHD+<\/p>\n<\/td>\n<\/tr>\n<tr>\n<th>\n<p data-mrf-recirculation=\"Article links\">DIMENSIONES Y PESO<\/p>\n<\/th>\n<td>\n<p data-mrf-recirculation=\"Article links\">164,9 x 77 x 9 mm<br \/>\n194 g.<\/p>\n<\/td>\n<\/tr>\n<tr>\n<th>\n<p data-mrf-recirculation=\"Article links\">PROCESADOR<\/p>\n<\/th>\n<td>\n<p data-mrf-recirculation=\"Article links\">Helio G25<\/p>\n<\/td>\n<\/tr>\n<tr>\n<th>\n<p data-mrf-recirculation=\"Article links\">RAM<\/p>\n<\/th>\n<td>\n<p data-mrf-recirculation=\"Article links\">4 \/ 6 GB<\/p>\n<\/td>\n<\/tr>\n<tr>\n<th>\n<p data-mrf-recirculation=\"Article links\">ALMACENAMIENTO<\/p>\n<\/th>\n<td>\n<p data-mrf-recirculation=\"Article links\">64 \/ 128 GB<br \/>\nMicroSD hasta 512 GB<\/p>\n<\/td>\n<\/tr>\n<tr>\n<th>\n<p data-mrf-recirculation=\"Article links\">C\u00c1MARA FRONTAL<\/p>\n<\/th>\n<td>\n<p data-mrf-recirculation=\"Article links\">5 MP<\/p>\n<\/td>\n<\/tr>\n<tr>\n<th>\n<p data-mrf-recirculation=\"Article links\">C\u00c1MARA TRASERA<\/p>\n<\/th>\n<td>\n<p data-mrf-recirculation=\"Article links\">13 MP<\/p>\n<\/td>\n<\/tr>\n<tr>\n<th>\n<p data-mrf-recirculation=\"Article links\">BATER\u00cdA<\/p>\n<\/th>\n<td>\n<p data-mrf-recirculation=\"Article links\">5.000 mAh<br \/>\nCarga 10W<\/p>\n<\/td>\n<\/tr>\n<tr>\n<th>\n<p data-mrf-recirculation=\"Article links\">SISTEMA OPERATIVO<\/p>\n<\/th>\n<td>\n<p data-mrf-recirculation=\"Article links\">MIUI 12.5<\/p>\n<\/td>\n<\/tr>\n<tr>\n<th>\n<p data-mrf-recirculation=\"Article links\">CONECTIVIDAD<\/p>\n<\/th>\n<td>\n<p data-mrf-recirculation=\"Article links\">LTE<br \/>\nWi-Fi b\/g\/n<br \/>\nBluetooth 5.0<br \/>\nMinijack<\/p>\n<\/td>\n<\/tr>\n<tr>\n<th>\n<p data-mrf-recirculation=\"Article links\">OTROS<\/p>\n<\/th>\n<td>\n<p data-mrf-recirculation=\"Article links\">Lector de huellas trasero<\/p>\n<\/td>\n<\/tr>\n<\/tbody>\n<\/table>\n","protected":false},"excerpt":{"rendered":"<p>PANTALLA LCD 6,53&#8243; HD+ DIMENSIONES Y PESO 164,9 x 77 x 9 mm 194 g. PROCESADOR Helio G25 RAM 4 \/ 6 GB ALMACENAMIENTO 64 \/ 128 GB MicroSD hasta 512 GB C\u00c1MARA FRONTAL 5 MP C\u00c1MARA TRASERA 13 MP BATER\u00cdA 5.000 mAh Carga 10W SISTEMA OPERATIVO MIUI 12.5 CONECTIVIDAD LTE Wi-Fi b\/g\/n Bluetooth 5.0 [&hellip;]<\/p>\n","protected":false},"featured_media":3513,"comment_status":"open","ping_status":"closed","template":"","meta":{"content-type":""},"product_cat":[100,122],"product_tag":[],"_links":{"self":[{"href":"https:\/\/shop.gamemovs.com\/index.php\/wp-json\/wp\/v2\/product\/3512"}],"collection":[{"href":"https:\/\/shop.gamemovs.com\/index.php\/wp-json\/wp\/v2\/product"}],"about":[{"href":"https:\/\/shop.gamemovs.com\/index.php\/wp-json\/wp\/v2\/types\/product"}],"replies":[{"embeddable":true,"href":"https:\/\/shop.gamemovs.com\/index.php\/wp-json\/wp\/v2\/comments?post=3512"}],"version-history":[{"count":1,"href":"https:\/\/shop.gamemovs.com\/index.php\/wp-json\/wp\/v2\/product\/3512\/revisions"}],"predecessor-version":[{"id":3514,"href":"https:\/\/shop.gamemovs.com\/index.php\/wp-json\/wp\/v2\/product\/3512\/revisions\/3514"}],"wp:featuredmedia":[{"embeddable":true,"href":"https:\/\/shop.gamemovs.com\/index.php\/wp-json\/wp\/v2\/media\/3513"}],"wp:attachment":[{"href":"https:\/\/shop.gamemovs.com\/index.php\/wp-json\/wp\/v2\/media?parent=3512"}],"wp:term":[{"taxonomy":"product_cat","embeddable":true,"href":"https:\/\/shop.gamemovs.com\/index.php\/wp-json\/wp\/v2\/product_cat?post=3512"},{"taxonomy":"product_tag","embeddable":true,"href":"https:\/\/shop.gamemovs.com\/index.php\/wp-json\/wp\/v2\/product_tag?post=3512"}],"curies":[{"name":"wp","href":"https:\/\/api.w.org\/{rel}","templated":true}]}}