{"id":3375,"date":"2023-07-03T20:54:35","date_gmt":"2023-07-03T20:54:35","guid":{"rendered":"https:\/\/shop.gamemovs.com\/?post_type=product&#038;p=3375"},"modified":"2023-07-03T20:54:35","modified_gmt":"2023-07-03T20:54:35","slug":"samsung-galaxy-a14-5g-128gb","status":"publish","type":"product","link":"https:\/\/shop.gamemovs.com\/index.php\/product\/samsung-galaxy-a14-5g-128gb\/","title":{"rendered":"Samsung Galaxy A14 5g 128gb"},"content":{"rendered":"<h2>Ficha t\u00e9cnica del Samsung Galaxy A14 5G<\/h2>\n<div class=\"article-asset-table article-asset-normal\">\n<div class=\"asset-content\">\n<table class=\"tabla-datos\">\n<thead>\n<tr>\n<th><\/th>\n<th>\n<p data-mrf-recirculation=\"Article links\"><strong>SAMSUNG GALAXY A14 5G<\/strong><\/p>\n<\/th>\n<\/tr>\n<\/thead>\n<tbody>\n<tr>\n<th>\n<p data-mrf-recirculation=\"Article links\"><strong>PANTALLA<\/strong><\/p>\n<\/th>\n<td>\n<p data-mrf-recirculation=\"Article links\">LCD 6,6 pulgadas<br \/>\nResoluci\u00f3n: FullHD+ (1.920 x 1080 p\u00edxeles)<br \/>\nTasa de refresco: 90 Hz<\/p>\n<\/td>\n<\/tr>\n<tr>\n<th>\n<p data-mrf-recirculation=\"Article links\"><strong>PROCESADOR<\/strong><\/p>\n<\/th>\n<td>\n<p data-mrf-recirculation=\"Article links\">Exynos 1330<\/p>\n<\/td>\n<\/tr>\n<tr>\n<th>\n<p data-mrf-recirculation=\"Article links\"><strong>RAM<\/strong><\/p>\n<\/th>\n<td>\n<p data-mrf-recirculation=\"Article links\">4\/6 GB<\/p>\n<\/td>\n<\/tr>\n<tr>\n<th>\n<p data-mrf-recirculation=\"Article links\"><strong>ALMACENAMIENTO<\/strong><\/p>\n<\/th>\n<td>\n<p data-mrf-recirculation=\"Article links\">64 \/ 128 GB + microSD hasta 1 TB<\/p>\n<\/td>\n<\/tr>\n<tr>\n<th>\n<p data-mrf-recirculation=\"Article links\"><strong>SOFTWARE<\/strong><\/p>\n<\/th>\n<td>\n<p data-mrf-recirculation=\"Article links\">Android 13 con One UI 5.0<\/p>\n<\/td>\n<\/tr>\n<tr>\n<th>\n<p data-mrf-recirculation=\"Article links\"><strong>C\u00c1MARA TRASERA<\/strong><\/p>\n<\/th>\n<td>\n<p data-mrf-recirculation=\"Article links\">Principal: 50 MP<br \/>\nMacro: 2 MP<br \/>\nProfundidad: 2 MP<\/p>\n<\/td>\n<\/tr>\n<tr>\n<th>\n<p data-mrf-recirculation=\"Article links\"><strong>C\u00c1MARA FRONTAL<\/strong><\/p>\n<\/th>\n<td>\n<p data-mrf-recirculation=\"Article links\">13 MP<\/p>\n<\/td>\n<\/tr>\n<tr>\n<th>\n<p data-mrf-recirculation=\"Article links\"><strong>BATER\u00cdA<\/strong><\/p>\n<\/th>\n<td>\n<p data-mrf-recirculation=\"Article links\">5.000 mAh<br \/>\nCarga r\u00e1pida de 15 W<\/p>\n<\/td>\n<\/tr>\n<tr>\n<th>\n<p data-mrf-recirculation=\"Article links\"><strong>CONECTIVIDAD<\/strong><\/p>\n<\/th>\n<td>\n<p data-mrf-recirculation=\"Article links\">5G, WiFi ac, Bluetooth, NFC, USB-C<\/p>\n<\/td>\n<\/tr>\n<tr>\n<th>\n<p data-mrf-recirculation=\"Article links\"><strong>OTROS<\/strong><\/p>\n<\/th>\n<td>\n<p data-mrf-recirculation=\"Article links\">ND<\/p>\n<\/td>\n<\/tr>\n<tr>\n<th>\n<p data-mrf-recirculation=\"Article links\"><strong>DIMENSIONES Y PESO<\/strong><\/p>\n<\/th>\n<td>\n<p data-mrf-recirculation=\"Article links\">ND<\/p>\n<\/td>\n<\/tr>\n<\/tbody>\n<\/table>\n<\/div>\n<\/div>\n","protected":false},"excerpt":{"rendered":"<p>Ficha t\u00e9cnica del Samsung Galaxy A14 5G SAMSUNG GALAXY A14 5G PANTALLA LCD 6,6 pulgadas Resoluci\u00f3n: FullHD+ (1.920 x 1080 p\u00edxeles) Tasa de refresco: 90 Hz PROCESADOR Exynos 1330 RAM 4\/6 GB ALMACENAMIENTO 64 \/ 128 GB + microSD hasta 1 TB SOFTWARE Android 13 con One UI 5.0 C\u00c1MARA TRASERA Principal: 50 MP Macro: [&hellip;]<\/p>\n","protected":false},"featured_media":3379,"comment_status":"open","ping_status":"closed","template":"","meta":{"content-type":""},"product_cat":[100,101],"product_tag":[],"_links":{"self":[{"href":"https:\/\/shop.gamemovs.com\/index.php\/wp-json\/wp\/v2\/product\/3375"}],"collection":[{"href":"https:\/\/shop.gamemovs.com\/index.php\/wp-json\/wp\/v2\/product"}],"about":[{"href":"https:\/\/shop.gamemovs.com\/index.php\/wp-json\/wp\/v2\/types\/product"}],"replies":[{"embeddable":true,"href":"https:\/\/shop.gamemovs.com\/index.php\/wp-json\/wp\/v2\/comments?post=3375"}],"version-history":[{"count":1,"href":"https:\/\/shop.gamemovs.com\/index.php\/wp-json\/wp\/v2\/product\/3375\/revisions"}],"predecessor-version":[{"id":3380,"href":"https:\/\/shop.gamemovs.com\/index.php\/wp-json\/wp\/v2\/product\/3375\/revisions\/3380"}],"wp:featuredmedia":[{"embeddable":true,"href":"https:\/\/shop.gamemovs.com\/index.php\/wp-json\/wp\/v2\/media\/3379"}],"wp:attachment":[{"href":"https:\/\/shop.gamemovs.com\/index.php\/wp-json\/wp\/v2\/media?parent=3375"}],"wp:term":[{"taxonomy":"product_cat","embeddable":true,"href":"https:\/\/shop.gamemovs.com\/index.php\/wp-json\/wp\/v2\/product_cat?post=3375"},{"taxonomy":"product_tag","embeddable":true,"href":"https:\/\/shop.gamemovs.com\/index.php\/wp-json\/wp\/v2\/product_tag?post=3375"}],"curies":[{"name":"wp","href":"https:\/\/api.w.org\/{rel}","templated":true}]}}